{"id":24,"date":"2024-07-01T23:26:39","date_gmt":"2024-07-01T21:26:39","guid":{"rendered":"https:\/\/jesusredentor.es\/?page_id=24"},"modified":"2025-12-11T20:47:37","modified_gmt":"2025-12-11T19:47:37","slug":"iglesia","status":"publish","type":"page","link":"https:\/\/jesusredentor.es\/?page_id=24","title":{"rendered":"Iglesia"},"content":{"rendered":"\r\n<p><strong>Datos de la Iglesia:<\/strong><\/p>\r\n\r\n\r\n\r\n<p>Esta ubicada en un solar en Villaflor. El comienzo de la construcci\u00f3n de\u00a0 la Iglesia\u00a0 fue en el a\u00f1o 1964.<\/p>\r\n\r\n\r\n\r\n<p>Los planos fueron realizados por el arquitecto de Ponferrada don Jos\u00e9 Mart\u00ednez Mirones.<\/p>\r\n\r\n\r\n\r\n<p>Con Fecha 23 de Abril del 1967 Domingo a tenido lugar la bendici\u00f3n y inaguraci\u00f3n de la nueva iglesia parroquial de Jes\u00fas Redentor.<\/p>\r\n\r\n\r\n<div class=\"wp-block-image\">\r\n<figure class=\"alignright\"><img decoding=\"async\" class=\"wp-image-78\" src=\"https:\/\/jesusredentor.es\/wp-content\/uploads\/2021\/03\/parroquias_jesus-redentor_1348_ponferrada-iglesia-de-jesus-redentor_31675704_1390917029-300x212.jpg\" alt=\"\" \/><\/figure>\r\n<\/div>\r\n\r\n\r\n<p>La ceremonia de bendici\u00f3n fue oficiada por el Ilmo. Sr. Vicario General del Obispado Juan Nistal Alonso estando presentes todas las autoridades locales,\u00a0presididas por el alcalde de la ciudad, Don. Luis Garc\u00eda Ojeda, y muchos fieles llenando toda la iglesia.<\/p>\r\n\r\n\r\n\r\n<p><strong>Decoraci\u00f3n:<\/strong><\/p>\r\n\r\n\r\n\r\n<p>El Sagrario, el<a href=\"http:\/\/webcatolicodejavier.org\/viacrucis.html\" target=\"_blank\" rel=\"noreferrer noopener\">\u00a0Via Crucis<\/a>, la mesa de Altar, los Candeleros grandes, (6, 3 a cada lado de la mesa del altar), el incensario con su pie y la naveta, el facistol, las pilas del agua bendita, la pila bautismal, la reja del baptisterio todo esto es obra del artista D. Jos\u00e9 Luis Coomonte.<\/p>\r\n\r\n\r\n\r\n<p>Obra de \u00e9l es tambi\u00e9n el Cristo que preside en la iglesia con las dimensiones de 1 metro y 80 cent\u00edmetros de madera de pino resinoso.\u00a0 Y la otra cruz de hierro que esta en el presbiterio.<\/p>\r\n\r\n\r\n\r\n<p>Bancos:\u00a0 Los confecciono D. Manuel de Castro Gallego.<\/p>\r\n\r\n\r\n\r\n<p><strong>Sacerdotes:<\/strong><\/p>\r\n\r\n\r\n\r\n<p>Con fecha 23 de Octubre de 1964 toma posesi\u00f3n D. Julio Bueno P\u00e9rez en la capilla del barrio de la Placa , por no haber Iglesia Parroquial cuya construcci\u00f3n comenzaba entonces.\u00a0<\/p>\r\n\r\n\r\n\r\n<p>El 9 de Octubre de 1997 D. Julio Bueno P\u00e9rez se jubila y le sustituye D. Jos\u00e9 Antonio Prada Carbajo.<\/p>\r\n<p>El 21 de Diciembre de 2025 D. Jos\u00e9 Antonio Prada Carbajo se jubila y tomar\u00e1 posesi\u00f3n como Administrador Parroquial D. Francisco Fern\u00e1ndez Franco.<\/p>\r\n\r\n\r\n\r\n<p>&nbsp;<\/p>\r\n\r\n\r\n\r\n<p>&nbsp;<\/p>\r\n\r\n<p>&nbsp;<\/p>","protected":false},"excerpt":{"rendered":"<p>Datos de la Iglesia: Esta ubicada en un solar en Villaflor. El comienzo de la construcci\u00f3n de\u00a0 la Iglesia\u00a0 fue en el a\u00f1o 1964. Los planos fueron realizados por el arquitecto de Ponferrada don Jos\u00e9 Mart\u00ednez Mirones. Con Fecha 23 de Abril del 1967 Domingo a tenido lugar la bendici\u00f3n y inaguraci\u00f3n de la nueva &#8230; <a title=\"Iglesia\" class=\"read-more\" href=\"https:\/\/jesusredentor.es\/?page_id=24\">Read more<\/a><\/p>\n","protected":false},"author":1,"featured_media":0,"parent":0,"menu_order":0,"comment_status":"closed","ping_status":"closed","template":"","meta":{"footnotes":""},"class_list":["post-24","page","type-page","status-publish"],"_links":{"self":[{"href":"https:\/\/jesusredentor.es\/index.php?rest_route=\/wp\/v2\/pages\/24","targetHints":{"allow":["GET"]}}],"collection":[{"href":"https:\/\/jesusredentor.es\/index.php?rest_route=\/wp\/v2\/pages"}],"about":[{"href":"https:\/\/jesusredentor.es\/index.php?rest_route=\/wp\/v2\/types\/page"}],"author":[{"embeddable":true,"href":"https:\/\/jesusredentor.es\/index.php?rest_route=\/wp\/v2\/users\/1"}],"replies":[{"embeddable":true,"href":"https:\/\/jesusredentor.es\/index.php?rest_route=%2Fwp%2Fv2%2Fcomments&post=24"}],"version-history":[{"count":10,"href":"https:\/\/jesusredentor.es\/index.php?rest_route=\/wp\/v2\/pages\/24\/revisions"}],"predecessor-version":[{"id":358,"href":"https:\/\/jesusredentor.es\/index.php?rest_route=\/wp\/v2\/pages\/24\/revisions\/358"}],"wp:attachment":[{"href":"https:\/\/jesusredentor.es\/index.php?rest_route=%2Fwp%2Fv2%2Fmedia&parent=24"}],"curies":[{"name":"wp","href":"https:\/\/api.w.org\/{rel}","templated":true}]}}