{"id":28,"date":"2024-07-01T23:26:39","date_gmt":"2024-07-01T21:26:39","guid":{"rendered":"https:\/\/jesusredentor.es\/?page_id=28"},"modified":"2025-03-23T21:59:14","modified_gmt":"2025-03-23T20:59:14","slug":"cofradia","status":"publish","type":"page","link":"https:\/\/jesusredentor.es\/?page_id=28","title":{"rendered":"Cofradia"},"content":{"rendered":"\r\n<p>La Cofrad\u00eda del Cristo de la Redenci\u00f3n y Virgen del Carmen del Barrio de la Placa de Ponferrada ( Le\u00f3n)<\/p>\r\n\r\n\r\n\r\n<p>Tiene su sede en la parroquia de Jes\u00fas Redentor.<\/p>\r\n\r\n\r\n\r\n<p>Se Creo en el a\u00f1o 2010.<\/p>\r\n\r\n\r\n\r\n<figure class=\"wp-block-image\"><img decoding=\"async\" class=\"wp-image-210\" src=\"https:\/\/jesusredentor.es\/wp-content\/uploads\/2021\/03\/Procesion-La-Placa-34-300x201.jpg\" alt=\"\" \/><img loading=\"lazy\" decoding=\"async\" class=\"alignnone  wp-image-99\" src=\"http:\/\/jesusredentor.es\/wp-content\/uploads\/2024\/07\/image-1.png\" alt=\"\" width=\"617\" height=\"412\" \/><\/figure>\r\n\r\n\r\n<div class=\"wp-block-image\">\r\n<figure class=\"aligncenter\"><img decoding=\"async\" class=\"wp-image-170\" src=\"https:\/\/jesusredentor.es\/wp-content\/uploads\/2021\/03\/166053198_2780436778839880_1164534595317296342_n-300x280.jpg\" alt=\"\" \/><\/figure>\r\n<\/div>\r\n<p>&nbsp;<\/p>","protected":false},"excerpt":{"rendered":"<p>La Cofrad\u00eda del Cristo de la Redenci\u00f3n y Virgen del Carmen del Barrio de la Placa de Ponferrada ( Le\u00f3n) Tiene su sede en la parroquia de Jes\u00fas Redentor. Se Creo en el a\u00f1o 2010. &nbsp;<\/p>\n","protected":false},"author":1,"featured_media":0,"parent":0,"menu_order":0,"comment_status":"closed","ping_status":"closed","template":"","meta":{"footnotes":""},"class_list":["post-28","page","type-page","status-publish"],"_links":{"self":[{"href":"https:\/\/jesusredentor.es\/index.php?rest_route=\/wp\/v2\/pages\/28","targetHints":{"allow":["GET"]}}],"collection":[{"href":"https:\/\/jesusredentor.es\/index.php?rest_route=\/wp\/v2\/pages"}],"about":[{"href":"https:\/\/jesusredentor.es\/index.php?rest_route=\/wp\/v2\/types\/page"}],"author":[{"embeddable":true,"href":"https:\/\/jesusredentor.es\/index.php?rest_route=\/wp\/v2\/users\/1"}],"replies":[{"embeddable":true,"href":"https:\/\/jesusredentor.es\/index.php?rest_route=%2Fwp%2Fv2%2Fcomments&post=28"}],"version-history":[{"count":5,"href":"https:\/\/jesusredentor.es\/index.php?rest_route=\/wp\/v2\/pages\/28\/revisions"}],"predecessor-version":[{"id":301,"href":"https:\/\/jesusredentor.es\/index.php?rest_route=\/wp\/v2\/pages\/28\/revisions\/301"}],"wp:attachment":[{"href":"https:\/\/jesusredentor.es\/index.php?rest_route=%2Fwp%2Fv2%2Fmedia&parent=28"}],"curies":[{"name":"wp","href":"https:\/\/api.w.org\/{rel}","templated":true}]}}